8743?
7743
In base 6, what is 20 - 54?
-34
In base 9, what is 2 - 1037757?
-1037755
In base 2, what is 101 + 100011000000000101?
100011000000001010
In base 11, what is 4 + -2961?
-2958
In base 5, what is -302 - 1244424?
-1300231
In base 12, what is 1b4 + 98?
290
In base 7, what is 2602301 + 2?
2602303
In base 5, what is 431332404 - 2?
431332402
In base 12, what is -9b6 - 6?
-a00
In base 16, what is -7 + 1ab7?
1ab0
In base 8, what is -3 + 2163572?
2163567
In base 9, what is 4 - -41063?
41067
In base 2, what is 11001001000110 - -10010?
11001001011000
In base 5, what is 134214 + 11?
134230
In base 8, what is -207543 - 14?
-207557
In base 5, what is -141324440 - 2?
-141324442
In base 10, what is -244309 + -2?
-244311
In base 16, what is -39905 - -4?
-39901
In base 5, what is -31 + 123033?
123002
In base 4, what is 1 - 103211323?
-103211322
In base 6, what is -211124 + 1?
-211123
In base 9, what is -21 - 108560?
-108581
In base 16, what is d + b240?
b24d
In base 3, what is 1010 + 112202100?
112210110
In base 15, what is 38112 + 2?
38114
In base 8, what is 2326636 + 2?
2326640
In base 11, what is -20a5 + -2?
-20a7
In base 2, what is 110010010011011 + 101?
110010010100000
In base 16, what is 574 - 1b?
559
In base 5, what is 2020332 + 4?
2020341
In base 8, what is 3 + -140200?
-140175
In base 11, what is -1597 + 33?
-1564
In base 15, what is 8 - 18e24?
-18e1b
In base 4, what is -13023101 + -11?
-13023112
In base 14, what is bd58 + -2?
bd56
In base 2, what is 101101 + 11111000111000?
11111001100101
In base 8, what is -5 + 35407?
35402
In base 5, what is 4023 - -20230?
24303
In base 6, what is -2 + 3031532?
3031530
In base 2, what is 101101010100 + 101000?
101101111100
In base 14, what is -631 + 31?
-600
In base 4, what is -1 + -20213113?
-20213120
In base 14, what is -334b9 + -2?
-334bb
In base 7, what is 1 + 416640?
416641
In base 2, what is -101000001000100010010 - 0?
-101000001000100010010
In base 5, what is 304 + -4?
300
In base 5, what is -1113 - -2433?
1320
In base 14, what is 244 + 17?
25b
In base 9, what is -3 + 1366665?
1366662
In base 8, what is 432 - 410?
22
In base 11, what is 2 + 64689?
64690
In base 7, what is 156 + -1363?
-1204
In base 11, what is 876 + -3a?
837
In base 10, what is 110 + -3632?
-3522
In base 6, what is -111 - -2033?
1522
In base 2, what is 1000 + 11101001001011001?
11101001001100001
In base 12, what is 14 - 5b0?
-598
In base 4, what is -303330 + 23?
-303301
In base 2, what is 11000101 - -1101110001110?
1110001010011
In base 4, what is 20312 - -213?
21131
In base 16, what is 3 + 2770?
2773
In base 8, what is -237436 - -5?
-237431
In base 16, what is 4 + -21c65?
-21c61
In base 2, what is -100 + -1000001001110101010?
-1000001001110101110
In base 16, what is -6f56 + -4?
-6f5a
In base 14, what is 3 - -1a928?
1a92b
In base 16, what is 5 - -262?
267
In base 4, what is 113 - -1332311?
1333030
In base 2, what is 10 + -11110111010010010?
-11110111010010000
In base 6, what is 34224 + -121?
34103
In base 2, what is -1000110100 - 111110110011?
-1000111100111
In base 8, what is 101671 - -41?
101732
In base 10, what is 3 - -40013?
40016
In base 14, what is 5c791b - 3?
5c7918
In base 5, what is -13 + 22431?
22413
In base 11, what is -83 - -140a2?
1401a
In base 14, what is -2 + -9dba8?
-9dbaa
In base 9, what is 532073 - 3?
532070
In base 8, what is 651 + -43?
606
In base 7, what is -15560 + -5?
-15565
In base 3, what is 112120 - 21102?
21011
In base 6, what is 15414 - -3?
15421
In base 10, what is 1693 - 13?
1680
In base 13, what is 78 + 15a?
205
In base 11, what is -3 - -734378?
734375
In base 6, what is 501101 - -5?
501110
In base 5, what is -4 - -41431300?
41431241
In base 12, what is -98b2 + a6?
-9808
In base 7, what is 5 + -10261634?
-10261626
In base 13, what is -b - 338?
-346
In base 6, what is -122024202 - -2?
-122024200
In base 7, what is 361432 - 5?
361424
In base 15, what is -7a5 + -183?
-938
In base 10, what is -140 - -1635?
1495
In base 6, what is -3013 - -141?
-2432
In base 13, what is 18c71 + a?
18c7b
In base 5, what is 12410342 + -1?
12410341
In base 6, what is 2 - 212251?
-212245
In base 10, what is 20915 - -54?
20969
In base 11, what is -404 + 1333?
a2a
In base 3, what is -121200112 + 1110?
-121122002
In base 5, what is -2023324 + 112?
-2023212
In base 6, what is 1101443 + -2?
1101441
In base 6, what is -130525 - -2?
-130523
In base 3, what is 1102012 - 200?
1101112
In base 13, what is -253 - 94?
-317
In base 2, what is 1 - -11010110101111?
11010110110000
In base 9, what is -3157830 - -3?
-3157826
In base 3, what is -100021021 + 1?
-100021020
In base 12, what is 0 - -308b9?
308b9
In base 2, what is -10011111101110 - 10?
-10011111110000
In base 5, what is 3 + -44031021?
-44031013
In base 15, what is -2 + -22b851?
-22b853
In base 12, what is -4 - -3771?
3769
In base 3, what is -22202 + 2020102?
1220200
In base 11, what is 4564 - 6?
4559
In base 10, what is -52833 - 0?
-52833
In base 15, what is 11d + -57dc?
-56be
In base 10, what is 87887 + 1?
87888
In base 9, what is -3843 - 7?
-3851
In base 11, what is -132 + 24?
-109
In base 15, what is -464 - 10?
-474
In base 16, what is 3 + 21d76?
21d79
In base 5, what is 23134 + -1123?
22011
In base 6, what is 11044004 - 0?
11044004
In base 5, what is -2103 + -3131?
-10234
In base 11, what is 18 - -a88a3?
a8910
In base 9, what is -210112 + -2?
-210114
In base 10, what is -5 - -28126?
28121
In base 2, what is 10011010 - -1001111?
11101001
In base 5, what is 1133124 - -11?
1133140
In base 12, what is 76b + 35?
7a4
In base 2, what is 11 - -1100101101111?
1100101110010
In base 12, what is 4a + 19301?
1934b
In base 16, what is 42c9b - -2?
42c9d
In base 7, what is 504 - -3044?
3551
In base 6, what is -44505 + 14?
-44451
In base 5, what is -2321114 - -120?
-2320444
In base 4, what is -1 + -13321000?
-13321001
In base 16, what is 4a + f58?
fa2
In base 14, what is 5 - -141058?
14105d
In base 2, what is -1111101011 + -1110011110011?
-10000011011110
In base 13, what is -1 + 8b9a?
8b99
In base 7, what is -24 + -3225?
-3252
In base 7, what is -124 - 1124?
-1251
In base 4, what is -1300220 + 23?
-1300131
In base 16, what is dff + 8?
e07
In base 10, what is -1882 - 3?
-1885
In base 3, what is -11001011 + 1112?
-10222122
In base 13, what is -1 + -38a91c?
-38a920
In base 8, what is 0 - -1376174?
1376174
In base 6, what is 1351 - -10145?
11540
In base 2, what is 1101011011 + -110001010101?
-100011111010
In base 16, what is -3 - ad981?
-ad984
In base 12, what is -240 - -68a?
44a
In base 6, what is 5201 - 13?
5144
In base 16, what is d7 - -375?
44c
In base 12, what is -b62 - -4a5?
-679
In base 15, what is 399 - -b?
3a5
In base 11, what is -3 - 1532?
-1535
In base 4, what is -103132200 - -3?
-103132131
In base 11, what is -79379 - -2?
-79377
In base 15, what is -3ab3 - 5?
-3ab8
In base 8, what is 4 - -417157?
417163
In base 14, what is 51 + 297?
308
In base 2, what is 110010000110001 + 0?
110010000110001
In base 5, what is -21 - -1031?
1010
In base 7, what is 31 + -2241?
-2210
In base 4, what is 32 - -10110?
10202
In base 15, what is 1 - 4473?
-4472
In base 13, what is -336a7 + -2?
-336a9
In base 15, what is -58c + -1?
-58d
In base 16, what is -195 + -26a?
-3ff
In base 9, what is -26128 - -18?
-26110
In base 3, what is -12 - -1211010111?
1211010022
In base 2, what is 1111111 - 101111011?
-11111100
In base 16, what is 526 - 88?
49e
In base 12, what is -576 - 61?
-617
In base 10, what is -1110 + 4?
-1106
In base 13, what is 93459 + -14?
93445
In base 15, what is 1be7 + 2?
1be9
In base 16, what is -7 + 2aed?
2ae6
In base 2, what is 101 - -1100100101110100?
1100100101111001
In base 11, what is 9 + 286?
294
In base 11, what is 8a - -175?
254
In base 14, what is -11436 + 1?
-11435
In base 2, what is -101000001010111011 - 101?
-101000001011000000
In base 14, what is -39 - -209a7?
2096c
In base 8, what is 30 - 24353?
-24323
In base 6, what is 14553 + 121?
15114
In base 16, what is 0 - -110?
110
In base 3, what is 12201100121 + -1?
12201100120
In base 9, what is 556547 - 8?
556538
In base 10, what is -5763 - 0?
-5763
In base 8, what is 3 + -56524?
-56521
In base 4, what is -1303330 - -10?
-1303320
In base 15, what is 1aa8e4 - 3?
1aa8e1
In base 14, what is 1c7d1 - -13?
1c804
In base 7, what is 0 - 2103540?
-